+ 17086. Give m(-102).
-152
Let v(d) = d**3 - 337*d**2 + 396*d - 20092. Calculate v(336).
68
Let s(y) = 2*y**2 - 4672*y + 83338. Give s(18).
-110
Let b(r) = -r**2 - 342061*r - 342064. Calculate b(-1).
-4
Let v(l) = -75827*l + 530878. What is v(7)?
89
Let h(t) = -28632*t - 12683954. What is h(-443)?
22
Let g(u) = -13*u**2 - 331*u + 60. Give g(-20).
1480
Let d(h) = -2*h**2 - 524*h - 33342. Give d(-153).
12
Let y(i) = -7251*i + 14772. Determine y(2).
270
Let i(v) = -21*v**3 + 337*v**2 + 888*v - 14460. What is i(16)?
4
Let j(w) = -w**2 - 775*w + 20320. What is j(27)?
-1334
Let f(q) = 200813*q - 1204092. Calculate f(6).
786
Let i(u) = 3*u**2 + 740*u + 40765. Give i(-83).
12
Let a(j) = -16*j**2 + 511*j + 19. Give a(0).
19
Let l(o) = 59242*o + 6575832. Determine l(-111).
-30
Let v(c) = -2486*c - 39. Calculate v(0).
-39
Let t(n) = 510*n + 168501. Determine t(-330).
201
Let d(v) = v**2 - 653*v + 27296. Determine d(45).
-64
Let y(h) = -h**2 - 28381*h - 283733. What is y(-10)?
-23
Let c(k) = -k**3 - 27*k**2 - 62*k - 167. Determine c(-16).
-1991
Let k(n) = -n**3 + 186*n**2 + 1750*n + 869. Calculate k(195).
-106
Let l(z) = z**2 - 129*z - 62668. Calculate l(-194).
-6
Let x(p) = p**2 - 25*p + 84. Give x(25).
84
Let h(z) = z**2 - 11*z - 4635. Give h(-62).
-109
Let t(z) = -125110*z - 12. Determine t(0).
-12
Let w(q) = 11*q**2 - 724*q + 4535. Calculate w(7).
6
Let h(n) = -3*n**3 + 47*n**2 - 99337*n + 1589660. Determine h(16).
12
Let n(r) = -5*r**3 - 42*r**2 + 7*r + 202. What is n(-9)?
382
Let d(k) = -5*k**3 + 28*k**2 - 2765*k + 16673. What is d(6)?
11
Let g(v) = -3237*v + 2019856. Determine g(624).
-32
Let u(v) = 238*v - 10744. Calculate u(45).
-34
Let u(c) = -6*c**2 + 2786*c + 11418. Calculate u(-4).
178
Let f(v) = v**3 + 311*v**2 + 23406*v - 2289. Calculate f(-128).
15
Let f(a) = -10651*a + 51698. Give f(5).
-1557
Let q(z) = -22402*z + 156808. Give q(7).
-6
Let z(l) = 2*l**3 + 54*l**2 - 911*l - 302. Calculate z(12).
-2
Let j(k) = 29*k - 7375. Determine j(244).
-299
Let h(m) = -m**3 + 17*m**2 + 238*m - 3062. What is h(10)?
18
Let a(g) = -g**2 + 8778*g + 105485. What is a(-12)?
5
Let g(s) = -s**3 + 13*s**2 - 509*s + 7829. What is g(15)?
-256
Let l(t) = -232*t**2 - 364*t + 363. What is l(1)?
-233
Let x(j) = -j**3 - 7*j**2 - 566*j - 5934. What is x(-10)?
26
Let z(b) = 7752*b - 131765. Calculate z(17).
19
Let w(c) = 210*c - 50408. Determine w(240).
-8
Let c(q) = 18*q**2 - 2874*q + 92881. Calculate c(45).
1
Let n(a) = 561689*a + 1123386. What is n(-2)?
8
Let o(z) = 5*z**3 + 63*z**2 - 34*z - 46. Determine o(-13).
58
Let p(t) = 5417*t + 5298. Calculate p(-1).
-119
Let m(l) = -2*l**3 - 10*l**2 - 101286*l - 607781. Give m(-6).
7
Let o(m) = 3*m**3 - 180*m**2 + 1344*m + 68. Give o(8).
836
Let m(g) = -g**3 + 50*g**2 + 1631*g + 3532. Determine m(73).
28
Let s(a) = -22092*a + 353482. What is s(16)?
10
Let d(t) = 17*t**2 + 47*t + 549. Calculate d(-7).
1053
Let y(j) = 15*j**3 - 39*j**2 - 162*j + 444. What is y(3)?
12
Let m(y) = -3*y**2 + 1322*y + 326245. What is m(617)?
-148
Let l(r) = 14*r**3 - 3*r**2 + 344*r + 349. Determine l(-1).
-12
Let p(z) = 23583*z + 15. Give p(0).
15
Let u(s) = -406*s - 8356. What is u(-21)?
170
Let g(t) = -722*t - 18744. Calculate g(-26).
28
Let f(j) = 94*j**2 - 525*j + 1583. Calculate f(3).
854
Let z(f) = -278*f - 2820. Give z(-9).
-318
Let h(a) = 4*a**2 - 352*a + 7161. Determine h(56).
-7
Let p(l) = 34*l - 1996. Determine p(92).
1132
Let r(l) = -l**3 - 74*l**2 - 676*l + 1191. What is r(-63)?
120
Let a(s) = s**3 + 103*s**2 + 461*s + 58757. Give a(-104).
-3
Let y(q) = -q**3 + 38*q**2 + 714*q + 682. Give y(52).
-46
Let w(k) = -113*k + 24283. Give w(199).
1796
Let n(p) = 66*p**2 + 1530*p + 8824. What is n(-11)?
-20
Let p(g) = -g**3 - 24*g**2 + 77*g - 48. Give p(-28).
932
Let o(f) = f**3 - 616*f**2 + 23039*f + 4. What is o(40)?
-36
Let o(z) = 3*z**3 - 798*z**2 + 820*z - 6649. What is o(265)?
-24
Let m(t) = -7*t**3 - 637*t**2 + 5540*t - 21. What is m(-99)?
375
Let f(g) = -24*g**3 + 97*g - 283. Determine f(3).
-640
Let f(q) = 52*q**2 + 36*q - 2514. What is f(0)?
-2514
Let s(h) = -4*h**3 + 51*h**2 + 8*h + 74. Give s(13).
9
Let k(s) = -4276*s - 39170. Calculate k(-9).
-686
Let j(u) = -16504*u + 676591. Determine j(41).
-73
Let h(r) = r**3 + 32*r**2 + 1054*r + 33937. Give h(-32).
209
Let n(v) = 315092*v + 18275325. Give n(-58).
-11
Let w(r) = 24*r**2 - 7021*r - 21299. Calculate w(-3).
-20
Let b(g) = g**3 + 76*g**2 - 1496*g + 62. Determine b(17).
1507
Let v(s) = -5627*s**2 - 647107*s - 223. Determine v(-115).
7
Let a(j) = 38*j**3 - 2062*j**2 + 534*j + 310. Determine a(54).
-14
Let b(i) = -9753*i + 536411. Give b(55).
-4
Let k(m) = m**3 + 202*m**2 + 990*m + 952. Calculate k(-197).
-33
Let a(b) = 63288*b - 379723. Give a(6).
5
Let u(c) = -62172*c - 3792486. What is u(-61)?
6
Let x(y) = -306*y**2 + 1176*y - 2343. Give x(2).
-1215
Let u(q) = -2678*q - 13406. Give u(-5).
-16
Let z(y) = -62928*y + 6607439. Determine z(105).
-1
Let t(f) = -56074*f - 504335. Give t(-9).
331
Let z(k) = 177*k - 2119. Give z(12).
5
Let s(m) = -m**2 - 105566*m - 422245. What is s(-4)?
3
Let z(g) = -831*g**2 + 9991*g - 223. Calculate z(12).
5
Let s(t) = -122*t - 9199. What is s(-62)?
-1635
Let q(n) = 4*n**2 + 27*n - 972. Calculate q(23).
1765
Let w(h) = 102*h**2 - 11653*h + 2862. Calculate w(114).
12
Let a(g) = -84259*g + 84255. Give a(1).
-4
Let g(s) = -12*s**3 - 109*s**2 - 20*s - 343. Give g(-10).
957
Let z(u) = -142*u - 29691. What is z(-209)?
-13
Let u(i) = 8*i**3 + 34*i**2 - 3*i + 20. Determine u(-4).
64
Let l(o) = -15*o**2 + 23057*o + 46103. Give l(-2).
-71
Let f(z) = 224*z + 69625. Calculate f(-311).
-39
Let s(h) = 2*h**2 - 135*h - 2720. Determine s(82).
-342
Let o(m) = 2*m**2 - 14574*m + 72887. What is o(5)?
67
Let a(s) = -75*s**2 + 143*s + 293. Determine a(3).
47
Let n(d) = -60*d**2 + 4257*d + 130. What is n(71)?
-83
Let d(t) = -2*t**3 - 2*t**2 + 24*t + 2271. Give d(0).
2271
Let m(b) = 99*b + 38571. Determine m(-384).
555
Let g(x) = 40926*x - 9699467. Calculate g(237).
-5
Let a(u) = -67765*u - 2. Calculate a(0).
-2
Let g(w) = -394*w + 16416. Determine g(39).
1050
Let z(s) = -77*s**2 + 221*s + 633. Determine z(-3).
-723
Let m(h) = 949*h + 2540. Give m(-3).
-307
Let v(z) = -356*z + 234. Calculate v(-2).
946
Let z(s) = -3954*s - 23164. Give z(-6).
560
Let r(n) = 3*n**2 - 1430*n + 169490. Calculate r(256).
18
Let v(q) = -3*q**2 - 106*q + 1159. What is v(-45)?
-146
Let g(p) = 164019*p - 984073. Determine g(6).
41
Let b(m) = -462*m**2 - 2333*m - 111. Determine b(-5).
4
Let a(l) = -12720*l - 305296. Calculate a(-24).
-16
Let h(s) = -7*s**2 + 75*s - 63. What is h(10)?
-13
Let l(h) = -2*h**2 - 60*h + 2662. Determine l(38).
-2506
Let p(l) = -31063*l + 12735833. What is p(410)?
3
Let f(r) = r**3 + 451*r**2 - 1191*r + 77623. Give f(-454).
-11
Let o(i) = -1034*i - 316407. Give o(-306).
-3
Let v(q) = -96*q**2 - 3270*q - 3368. Determine v(-33).
-2
Let s(q) = -q**2 + 7921*q + 95207. Give s(-12).
11
Let c(f) = -51*f + 4381. Determine c(107).
-1076
Let b(c) = 5042*c**2 - 181507*c - 44. Determine b(36).
136
Let s(a) = a**2 + 15932*a + 524613. Calculate s(-33).
-54
Let a(h) = 131*h**2 + 6595*h + 2295. Determine a(-50).
45
Let p(d) = -307*d**2 + 2446*d + 119. Determine p(8).
39
Let i(a) = a**3 - 26*a**2 - 127*a + 29. Calculate i(-4).
57
Let s(f) = 141*f**2 + 549*f + 1103. What is s(-2)?
569
Let p(q) = -q**3 + 151*q**2 - 1035*q + 3649. What is p(144)?
-239
Let p(c) = 2*c**3 - 138*c**2 + 288*c + 15079. Determine p(65).
-1
Let g(m) = -m**2 + 144*m - 3606. What is g(112)?
-22
Let i(k) = -15453*k - 15502. Determine i(-1).
-49
Let t(r) = -44839*r - 269280. Calculate t(-6).
-246
Let m(f) = 7*f**3 - 18*f**2 + 120*f + 26. What is m(6)?
1610
Let x(t) = -t**3 + 294*t**2 - 1409*t + 1654. Give x(2).
4
Let c(b) = -171*b + 1425. What is c(11)?
-456
Let h(m) = -185*m - 16910. What is h(-92)?
110
Let x(f) = 17*f**2 + 4047*f - 20207. Determine x(5).
453
Let q(i) = -620*i**2 - 9920*i. Calculate q(-16).
0
Let p(u) = -2*u**2 + 5831*u + 23320. Determine p(-4).
-36
Let s(x) = x**2 + 75*x + 43. Give s(-14).
-811
Let n(j) = -2*j**2 + 325*j - 6956. Give n(26).
142
Let z(f) = -39*f**2 - 1909*f + 13315. Determine z(7).
-1959
Let j(r) = -2*r**3 - 2*r**2 + 126*r + 45. Calculate j(8).
-99
Let x(j) = j**3 - 380*j**2 + 2024*j 